{"id":17,"date":"2024-04-01T17:15:38","date_gmt":"2024-04-01T15:15:38","guid":{"rendered":"https:\/\/www.xn--schnes-balsthal-btb.ch\/?page_id=17"},"modified":"2024-05-07T11:31:51","modified_gmt":"2024-05-07T09:31:51","slug":"die-fehler-der-opr","status":"publish","type":"page","link":"https:\/\/www.xn--schnes-balsthal-btb.ch\/?page_id=17","title":{"rendered":"Die Fehler der Revision"},"content":{"rendered":"\n<p>Die vorliegende Revision der Ortsplanung zerst\u00f6rt unser sch\u00f6nes Dorf.&nbsp;<br>&nbsp;<\/p>\n\n\n\n<figure class=\"wp-block-image alignwide size-large\"><img loading=\"lazy\" decoding=\"async\" width=\"1024\" height=\"494\" src=\"https:\/\/www.xn--schnes-balsthal-btb.ch\/wp-content\/uploads\/2024\/04\/LIN_3343_1920px75-1024x494.jpg\" alt=\"\" class=\"wp-image-286\" srcset=\"https:\/\/www.xn--schnes-balsthal-btb.ch\/wp-content\/uploads\/2024\/04\/LIN_3343_1920px75-1024x494.jpg 1024w, https:\/\/www.xn--schnes-balsthal-btb.ch\/wp-content\/uploads\/2024\/04\/LIN_3343_1920px75-300x145.jpg 300w, https:\/\/www.xn--schnes-balsthal-btb.ch\/wp-content\/uploads\/2024\/04\/LIN_3343_1920px75-768x371.jpg 768w, https:\/\/www.xn--schnes-balsthal-btb.ch\/wp-content\/uploads\/2024\/04\/LIN_3343_1920px75-1536x742.jpg 1536w, https:\/\/www.xn--schnes-balsthal-btb.ch\/wp-content\/uploads\/2024\/04\/LIN_3343_1920px75.jpg 1920w\" sizes=\"auto, (max-width: 1024px) 100vw, 1024px\" \/><figcaption class=\"wp-element-caption\">Dorfzentrum und Haulen, Okt. 2020<\/figcaption><\/figure>\n\n\n\n<figure class=\"wp-block-image alignwide size-large\"><img loading=\"lazy\" decoding=\"async\" width=\"1024\" height=\"576\" src=\"https:\/\/www.xn--schnes-balsthal-btb.ch\/wp-content\/uploads\/2024\/04\/DJI_0241-1920px-1024x576.jpg\" alt=\"\" class=\"wp-image-295\" srcset=\"https:\/\/www.xn--schnes-balsthal-btb.ch\/wp-content\/uploads\/2024\/04\/DJI_0241-1920px-1024x576.jpg 1024w, https:\/\/www.xn--schnes-balsthal-btb.ch\/wp-content\/uploads\/2024\/04\/DJI_0241-1920px-300x169.jpg 300w, https:\/\/www.xn--schnes-balsthal-btb.ch\/wp-content\/uploads\/2024\/04\/DJI_0241-1920px-768x432.jpg 768w, https:\/\/www.xn--schnes-balsthal-btb.ch\/wp-content\/uploads\/2024\/04\/DJI_0241-1920px-1536x864.jpg 1536w, https:\/\/www.xn--schnes-balsthal-btb.ch\/wp-content\/uploads\/2024\/04\/DJI_0241-1920px.jpg 1920w\" sizes=\"auto, (max-width: 1024px) 100vw, 1024px\" \/><figcaption class=\"wp-element-caption\">Okt. 2020<\/figcaption><\/figure>\n\n\n\n<p>In den letzten Jahren hat sich vieles stark ver\u00e4ndert.&nbsp;<br>Neubauten passen nicht ins Ortsbild. Vieles wirkt zuf\u00e4llig.&nbsp;<\/p>\n\n\n\n<p>[J\u00fcngere Bilder folgen]<\/p>\n\n\n\n<p>Diese Entwicklungen sind nur ein Vorgeschmack auf das, was mit der laufenden Revision der Ortsplanung noch kommen soll. Mit ihr wird die ziellose Verst\u00e4dterung weiter zunehmen und sich \u00fcber den Ort ausbreiten. Das neue Zonenreglement sieht z.B. vor, dass in den meisten Quartieren h\u00f6her oder dichter gebaut werden darf (Stockwerkboni, Verdichtungsboni oder \u00fcbertriebene Maximalh\u00f6hen). Nicht einmal der historische Dorfkern wird verschont. Die Ortsbildschutzkommission wurde abgeschafft.&nbsp;<br><\/p>\n\n\n\n<p>     &nbsp;<\/p>\n\n\n\n<p>Was w\u00fcrde das neue Zonenreglement bedeuten:<br>&nbsp;<\/p>\n\n\n\n<h4 class=\"wp-block-heading\">1. Wertverminderung bestehender Liegenschaften:<\/h4>\n\n\n\n<ul class=\"wp-block-list\">\n<li>In vielen Ortsteilen wird h\u00f6her oder dichter gebaut, wodurch bestehende Liegenschaften automatisch an Wert verlieren. Bonusstockwerke, \u00fcbertriebene Maximalh\u00f6hen und \u00dcberbauungsboni produzieren Nachteile f\u00fcr die Nachbarn (Schattenwurf, Baudruck usw.). <strong>Vielen alten Liegenschaften droht der Abriss<\/strong>. Unsere Quartiere verlieren so ihre Identit\u00e4t.&nbsp;<\/li>\n<\/ul>\n\n\n\n<ul class=\"wp-block-list\">\n<li>Die neuen Maximalh\u00f6hen sind stark \u00fcbertrieben, mit 12 m f\u00fcr zweigeschossige und 18 m f\u00fcr dreigeschossige Bauten! In den meisten Ortsteilen wird so auch ohne ein zus\u00e4tzliches Stockwerk h\u00f6her gebaut werden. Dies nennen wir <strong>Pseudo-Verdichtung<\/strong> (Mehr Bauvolumen pro Bewohner). Dieses fehlgeleitete &#8222;Gr\u00f6sser-statt-dichter&#8220; ist das Gegenteil eines haush\u00e4lterischen Umgangs mit der Ressource Bauland. So verliert Balsthal sein Dorfbild und seinen d\u00f6rflichen Charakter.<br>&nbsp;<\/li>\n<\/ul>\n\n\n\n<h4 class=\"wp-block-heading\">2. Verlust von Natur und Lebensqualit\u00e4t:<\/h4>\n\n\n\n<ul class=\"wp-block-list\">\n<li>Mit der revidierten Ortsplanung soll Balsthal rund <strong>8000 Einwohner<\/strong> erhalten (nachgerechnet durch das Amt f\u00fcr Raumplanung ARP). Dies bedeutet <strong>mehr Verkehr<\/strong>, <strong>mehr Stau<\/strong> und <strong>mehr L\u00e4rm<\/strong>, <strong>auch in Wohnquartieren<\/strong>. Die geplante, massive Verdichtung fusst auf einer Umfahrungsl\u00f6sung der Klus, die jedoch abgelehnt wurde. Die <strong>Verkehrsanbindung<\/strong> ist somit f\u00fcr diese Revision der Ortsplanung nicht gegeben. Sie f\u00fchrt zum <strong>Verkehrskollaps<\/strong>.<\/li>\n<\/ul>\n\n\n\n<ul class=\"wp-block-list\">\n<li>Man gibt vor, den Verkehr zu beschr\u00e4nken. Wie soll dies gew\u00e4hrleistet werden mit <strong>erlaubten bis zu 1500 Autos und 400 Lastwagen pro Firma und Tag?<\/strong> \u2013 Wohlverstanden, pro Firma und Tag!! Diese massiv \u00fcbertriebenen Zahlen stehen tats\u00e4chlich im neuen Zonenreglement.<\/li>\n<\/ul>\n\n\n\n<ul class=\"wp-block-list\">\n<li>&nbsp;Letzte bedeutende Freifl\u00e4chen wie die <strong>Kirchmatt<\/strong> und der <strong>Fussballplatz M\u00fchlefeld<\/strong> gehen verloren.&nbsp;<\/li>\n<\/ul>\n\n\n\n<p><\/p>\n\n\n\n<figure class=\"wp-block-image alignwide size-large\"><img loading=\"lazy\" decoding=\"async\" width=\"1024\" height=\"385\" src=\"https:\/\/www.xn--schnes-balsthal-btb.ch\/wp-content\/uploads\/2024\/04\/Kirchmatt-Balsthal_3840px-1024x385.jpg\" alt=\"\" class=\"wp-image-36\" srcset=\"https:\/\/www.xn--schnes-balsthal-btb.ch\/wp-content\/uploads\/2024\/04\/Kirchmatt-Balsthal_3840px-1024x385.jpg 1024w, https:\/\/www.xn--schnes-balsthal-btb.ch\/wp-content\/uploads\/2024\/04\/Kirchmatt-Balsthal_3840px-300x113.jpg 300w, https:\/\/www.xn--schnes-balsthal-btb.ch\/wp-content\/uploads\/2024\/04\/Kirchmatt-Balsthal_3840px-768x289.jpg 768w, https:\/\/www.xn--schnes-balsthal-btb.ch\/wp-content\/uploads\/2024\/04\/Kirchmatt-Balsthal_3840px-1536x578.jpg 1536w, https:\/\/www.xn--schnes-balsthal-btb.ch\/wp-content\/uploads\/2024\/04\/Kirchmatt-Balsthal_3840px-2048x771.jpg 2048w\" sizes=\"auto, (max-width: 1024px) 100vw, 1024px\" \/><figcaption class=\"wp-element-caption\">Kirchmatt. Diese Wiese geh\u00f6rt zum Dorfbild. Die Hostett und sollte gepflegt werden.<\/figcaption><\/figure>\n\n\n\n<p><\/p>\n\n\n\n<figure class=\"wp-block-image alignwide size-large\"><img loading=\"lazy\" decoding=\"async\" width=\"1024\" height=\"437\" src=\"https:\/\/www.xn--schnes-balsthal-btb.ch\/wp-content\/uploads\/2024\/04\/IMG_4861-Pano-3-ohne-Bloecke-0-Kopie--1024x437.jpg\" alt=\"\" class=\"wp-image-111\" srcset=\"https:\/\/www.xn--schnes-balsthal-btb.ch\/wp-content\/uploads\/2024\/04\/IMG_4861-Pano-3-ohne-Bloecke-0-Kopie--1024x437.jpg 1024w, https:\/\/www.xn--schnes-balsthal-btb.ch\/wp-content\/uploads\/2024\/04\/IMG_4861-Pano-3-ohne-Bloecke-0-Kopie--300x128.jpg 300w, https:\/\/www.xn--schnes-balsthal-btb.ch\/wp-content\/uploads\/2024\/04\/IMG_4861-Pano-3-ohne-Bloecke-0-Kopie--768x328.jpg 768w, https:\/\/www.xn--schnes-balsthal-btb.ch\/wp-content\/uploads\/2024\/04\/IMG_4861-Pano-3-ohne-Bloecke-0-Kopie--1536x655.jpg 1536w, https:\/\/www.xn--schnes-balsthal-btb.ch\/wp-content\/uploads\/2024\/04\/IMG_4861-Pano-3-ohne-Bloecke-0-Kopie--2048x874.jpg 2048w\" sizes=\"auto, (max-width: 1024px) 100vw, 1024px\" \/><figcaption class=\"wp-element-caption\">M\u00fchlefeld: Aktuelles Foto (Im Klubh\u00e4uschen des Fussballplatzes M\u00fchlefeld entstand ein beliebter Treffpunkt mit Pizzeria.)<\/figcaption><\/figure>\n\n\n\n<figure class=\"wp-block-image alignwide size-large\"><img loading=\"lazy\" decoding=\"async\" width=\"1024\" height=\"437\" src=\"https:\/\/www.xn--schnes-balsthal-btb.ch\/wp-content\/uploads\/2024\/04\/IMG_4861-Pano-3-mit-Bloecken-3-PB-Kopie--1024x437.jpg\" alt=\"\" class=\"wp-image-113\" srcset=\"https:\/\/www.xn--schnes-balsthal-btb.ch\/wp-content\/uploads\/2024\/04\/IMG_4861-Pano-3-mit-Bloecken-3-PB-Kopie--1024x437.jpg 1024w, https:\/\/www.xn--schnes-balsthal-btb.ch\/wp-content\/uploads\/2024\/04\/IMG_4861-Pano-3-mit-Bloecken-3-PB-Kopie--300x128.jpg 300w, https:\/\/www.xn--schnes-balsthal-btb.ch\/wp-content\/uploads\/2024\/04\/IMG_4861-Pano-3-mit-Bloecken-3-PB-Kopie--768x328.jpg 768w, https:\/\/www.xn--schnes-balsthal-btb.ch\/wp-content\/uploads\/2024\/04\/IMG_4861-Pano-3-mit-Bloecken-3-PB-Kopie--1536x655.jpg 1536w, https:\/\/www.xn--schnes-balsthal-btb.ch\/wp-content\/uploads\/2024\/04\/IMG_4861-Pano-3-mit-Bloecken-3-PB-Kopie--2048x874.jpg 2048w\" sizes=\"auto, (max-width: 1024px) 100vw, 1024px\" \/><figcaption class=\"wp-element-caption\">M\u00fchlefeld: Fotomontage mit m\u00f6glicher \u00dcberbauung, dreigeschossig plus Attika (Terrassen gegen Nordwesten) &#8211; fiktiv<\/figcaption><\/figure>\n\n\n\n<ul class=\"wp-block-list\">\n<li>Durch die Verl\u00e4ngerung der M\u00fchlefeldstrasse \u00fcber den alten Fussballplatz entsteht eine neue Umfahrungsm\u00f6glichkeit des Zentrums (Solothurnerstrasse bis Baslerstrasse). Sie bringt Erschliessungs- und Durchgangsverkehr in die s\u00fcdlichen, neuen Quartiere \u2013 auch direkt an einem Kindergarten vorbei.<\/li>\n<\/ul>\n\n\n\n<ul class=\"wp-block-list\">\n<li>Streuobstwiesen im Dorf verschwinden. Wo sollen unsere Kinder und Kindeskinder noch spielen?<\/li>\n<\/ul>\n\n\n\n<p><\/p>\n\n\n\n<figure class=\"wp-block-image alignwide size-large\"><img loading=\"lazy\" decoding=\"async\" width=\"1024\" height=\"659\" src=\"https:\/\/www.xn--schnes-balsthal-btb.ch\/wp-content\/uploads\/2024\/04\/LIN_0678-unkenntlich_1920px-1024x659.jpg\" alt=\"\" class=\"wp-image-311\" srcset=\"https:\/\/www.xn--schnes-balsthal-btb.ch\/wp-content\/uploads\/2024\/04\/LIN_0678-unkenntlich_1920px-1024x659.jpg 1024w, https:\/\/www.xn--schnes-balsthal-btb.ch\/wp-content\/uploads\/2024\/04\/LIN_0678-unkenntlich_1920px-300x193.jpg 300w, https:\/\/www.xn--schnes-balsthal-btb.ch\/wp-content\/uploads\/2024\/04\/LIN_0678-unkenntlich_1920px-768x494.jpg 768w, https:\/\/www.xn--schnes-balsthal-btb.ch\/wp-content\/uploads\/2024\/04\/LIN_0678-unkenntlich_1920px-1536x989.jpg 1536w, https:\/\/www.xn--schnes-balsthal-btb.ch\/wp-content\/uploads\/2024\/04\/LIN_0678-unkenntlich_1920px.jpg 1920w\" sizes=\"auto, (max-width: 1024px) 100vw, 1024px\" \/><figcaption class=\"wp-element-caption\">Kinder spielen zwischen den Bauprofilen Fangen. (Das P\u00e4rklein der Lindenallee  existiert nicht mehr.)<\/figcaption><\/figure>\n\n\n\n<figure class=\"wp-block-image alignwide size-large\"><img loading=\"lazy\" decoding=\"async\" width=\"1024\" height=\"652\" src=\"https:\/\/www.xn--schnes-balsthal-btb.ch\/wp-content\/uploads\/2024\/04\/LIN_0672-unkenntlich_1920pxHuett-1024x652.jpg\" alt=\"\" class=\"wp-image-313\" srcset=\"https:\/\/www.xn--schnes-balsthal-btb.ch\/wp-content\/uploads\/2024\/04\/LIN_0672-unkenntlich_1920pxHuett-1024x652.jpg 1024w, https:\/\/www.xn--schnes-balsthal-btb.ch\/wp-content\/uploads\/2024\/04\/LIN_0672-unkenntlich_1920pxHuett-300x191.jpg 300w, https:\/\/www.xn--schnes-balsthal-btb.ch\/wp-content\/uploads\/2024\/04\/LIN_0672-unkenntlich_1920pxHuett-768x489.jpg 768w, https:\/\/www.xn--schnes-balsthal-btb.ch\/wp-content\/uploads\/2024\/04\/LIN_0672-unkenntlich_1920pxHuett-1536x978.jpg 1536w, https:\/\/www.xn--schnes-balsthal-btb.ch\/wp-content\/uploads\/2024\/04\/LIN_0672-unkenntlich_1920pxHuett.jpg 1920w\" sizes=\"auto, (max-width: 1024px) 100vw, 1024px\" \/><figcaption class=\"wp-element-caption\">Das Spiel zwischen Bauprofilen stimmt uns nachdenklich. Mit dem \u00dcberbauungs-Bonus f\u00fcr Parzellen kleiner 500 m<sup>2<\/sup> werden viele G\u00e4rten verschwinden!<\/figcaption><\/figure>\n\n\n\n<ul class=\"wp-block-list\">\n<li>Gem\u00e4ss Planung werden die schattenspendenden <strong>B\u00e4ume<\/strong> und Str\u00e4ucher in den historischen G\u00e4rten des alten Dorfkerns gef\u00e4llt. Sie m\u00fcssen einer unterirdischen \u00dcberbauung weichen (Projekt Parkhaus, Plan s. Seite Dokumente). In den anderen Zonen ist eine Bepflanzung mit einheimischen und standortgerechten B\u00e4umen und Str\u00e4uchern vorgeschrieben, hier jedoch nicht. Gem\u00e4ss neuem Zonenreglement soll hier zuk\u00fcnftig alleine einheimisches Saatgut der Bepflanzung dienen.<br>&nbsp;<\/li>\n<\/ul>\n\n\n\n<figure class=\"wp-block-image alignwide size-large\"><img loading=\"lazy\" decoding=\"async\" width=\"1024\" height=\"768\" src=\"https:\/\/www.xn--schnes-balsthal-btb.ch\/wp-content\/uploads\/2024\/04\/DJI_0317-1920px-1024x768.jpg\" alt=\"\" class=\"wp-image-301\" srcset=\"https:\/\/www.xn--schnes-balsthal-btb.ch\/wp-content\/uploads\/2024\/04\/DJI_0317-1920px-1024x768.jpg 1024w, https:\/\/www.xn--schnes-balsthal-btb.ch\/wp-content\/uploads\/2024\/04\/DJI_0317-1920px-300x225.jpg 300w, https:\/\/www.xn--schnes-balsthal-btb.ch\/wp-content\/uploads\/2024\/04\/DJI_0317-1920px-768x576.jpg 768w, https:\/\/www.xn--schnes-balsthal-btb.ch\/wp-content\/uploads\/2024\/04\/DJI_0317-1920px-1536x1152.jpg 1536w, https:\/\/www.xn--schnes-balsthal-btb.ch\/wp-content\/uploads\/2024\/04\/DJI_0317-1920px.jpg 1920w\" sizes=\"auto, (max-width: 1024px) 100vw, 1024px\" \/><\/figure>\n\n\n\n<p><br><strong>Noch singen und nisten V\u00f6gel im Dorfkern.<\/strong> <br>H\u00f6ren Sie die Vogelstimmen in den betroffenen G\u00e4rten bei Tagesanbruch des 4. Mai 2024 (Wiedergabetaste dr\u00fccken):<br>\u00a0<\/p>\n\n\n\n<figure class=\"wp-block-audio\"><audio controls src=\"https:\/\/www.xn--schnes-balsthal-btb.ch\/wp-content\/uploads\/2024\/05\/Vogelgesang-1b-.mp3\"><\/audio><\/figure>\n\n\n\n<p>Mit dem F\u00e4llen der B\u00e4ume soll dieser Vogelgesang f\u00fcr immer verstummen! Der Gemeinderat von Balsthal und unsere Regierung in Solothurn sind leider der Meinung, man k\u00f6nne auch ohne B\u00e4ume eine &#8222;naturnahe Freihaltezone&#8220; gestalten. \u2013 Wir sind entschieden anderer Meinung!<\/p>\n\n\n\n<p>&nbsp;<\/p>\n\n\n\n<figure class=\"wp-block-image alignwide size-large\"><img loading=\"lazy\" decoding=\"async\" width=\"1024\" height=\"768\" src=\"https:\/\/www.xn--schnes-balsthal-btb.ch\/wp-content\/uploads\/2024\/04\/DJI_0316-1920px-1024x768.jpg\" alt=\"\" class=\"wp-image-292\" srcset=\"https:\/\/www.xn--schnes-balsthal-btb.ch\/wp-content\/uploads\/2024\/04\/DJI_0316-1920px-1024x768.jpg 1024w, https:\/\/www.xn--schnes-balsthal-btb.ch\/wp-content\/uploads\/2024\/04\/DJI_0316-1920px-300x225.jpg 300w, https:\/\/www.xn--schnes-balsthal-btb.ch\/wp-content\/uploads\/2024\/04\/DJI_0316-1920px-768x576.jpg 768w, https:\/\/www.xn--schnes-balsthal-btb.ch\/wp-content\/uploads\/2024\/04\/DJI_0316-1920px-1536x1152.jpg 1536w, https:\/\/www.xn--schnes-balsthal-btb.ch\/wp-content\/uploads\/2024\/04\/DJI_0316-1920px.jpg 1920w\" sizes=\"auto, (max-width: 1024px) 100vw, 1024px\" \/><\/figure>\n\n\n\n<p>&nbsp;&nbsp;&nbsp;<\/p>\n\n\n\n<figure class=\"wp-block-image alignwide size-large\"><img loading=\"lazy\" decoding=\"async\" width=\"1024\" height=\"705\" src=\"https:\/\/www.xn--schnes-balsthal-btb.ch\/wp-content\/uploads\/2024\/04\/Dorfkern-Baeume-weg-v2-mit-DJI_0288--1024x705.jpg\" alt=\"\" class=\"wp-image-114\" srcset=\"https:\/\/www.xn--schnes-balsthal-btb.ch\/wp-content\/uploads\/2024\/04\/Dorfkern-Baeume-weg-v2-mit-DJI_0288--1024x705.jpg 1024w, https:\/\/www.xn--schnes-balsthal-btb.ch\/wp-content\/uploads\/2024\/04\/Dorfkern-Baeume-weg-v2-mit-DJI_0288--300x207.jpg 300w, https:\/\/www.xn--schnes-balsthal-btb.ch\/wp-content\/uploads\/2024\/04\/Dorfkern-Baeume-weg-v2-mit-DJI_0288--768x529.jpg 768w, https:\/\/www.xn--schnes-balsthal-btb.ch\/wp-content\/uploads\/2024\/04\/Dorfkern-Baeume-weg-v2-mit-DJI_0288-.jpg 1274w\" sizes=\"auto, (max-width: 1024px) 100vw, 1024px\" \/><\/figure>\n\n\n\n<ul class=\"wp-block-list\">\n<li>Die <strong>privaten G\u00e4rten<\/strong> des alten Dorfkerns (s. Bild oben) sind dann begr\u00fcntes Flachdach. Diese G\u00e4rten will man uns doch tats\u00e4chlich <strong>als neue Freihaltezone mit Erholungsfunktion<\/strong> verkaufen, f\u00fcr Spiel und Fussball. \u2013 Wie das gehen soll, ist fraglich, schliesslich hat die Allgemeinheit keinen Zutritt zu privaten G\u00e4rten.<\/li>\n<\/ul>\n\n\n\n<ul class=\"wp-block-list\">\n<li>Ohne B\u00e4ume droht dem Dorfkern eine \u00dcberhitzung in heissen Sommern.(Schlechte Durchl\u00fcftung)<\/li>\n<\/ul>\n\n\n\n<ul class=\"wp-block-list\">\n<li>Die Grenze der neuen Ortsbildschutzzone wird falsch gezogen. Es werden neu zwei Mehrfamilienh\u00e4user mit Flachdach in die Ortsbildschutzzone integriert, wo Flachd\u00e4cher klar verboten sind (s. Bild oben bei **). Somit widerspricht der neue Zonenplan dem neuen Zonenreglement. Es werden Regeln geschaffen und gleich gebrochen. Auf diese Weise wird der <strong>Ortsbildschutz aufgeweicht<\/strong>.<\/li>\n<\/ul>\n\n\n\n<p><\/p>\n\n\n\n<ul class=\"wp-block-list\">\n<li>In der Industriezone Moos darf bis zu 90% der Fl\u00e4che mit Geb\u00e4uden \u00fcberbaut werden!<\/li>\n<\/ul>\n\n\n\n<figure class=\"wp-block-image alignwide size-large\"><img loading=\"lazy\" decoding=\"async\" width=\"1024\" height=\"370\" src=\"https:\/\/www.xn--schnes-balsthal-btb.ch\/wp-content\/uploads\/2024\/04\/DJI_0176-Pano-1920px-1024x370.jpg\" alt=\"\" class=\"wp-image-303\" srcset=\"https:\/\/www.xn--schnes-balsthal-btb.ch\/wp-content\/uploads\/2024\/04\/DJI_0176-Pano-1920px-1024x370.jpg 1024w, https:\/\/www.xn--schnes-balsthal-btb.ch\/wp-content\/uploads\/2024\/04\/DJI_0176-Pano-1920px-300x108.jpg 300w, https:\/\/www.xn--schnes-balsthal-btb.ch\/wp-content\/uploads\/2024\/04\/DJI_0176-Pano-1920px-768x278.jpg 768w, https:\/\/www.xn--schnes-balsthal-btb.ch\/wp-content\/uploads\/2024\/04\/DJI_0176-Pano-1920px-1536x555.jpg 1536w, https:\/\/www.xn--schnes-balsthal-btb.ch\/wp-content\/uploads\/2024\/04\/DJI_0176-Pano-1920px.jpg 1920w\" sizes=\"auto, (max-width: 1024px) 100vw, 1024px\" \/><figcaption class=\"wp-element-caption\">Gebiet Moos. Die Talsohle der D\u00fcnnern, weitgehend Wiesen und Ackerland sollte gem\u00e4ss Inventar des Bundes ISOS nicht \u00fcberbaut werden.<\/figcaption><\/figure>\n\n\n\n<figure class=\"wp-block-image alignwide size-large\"><img loading=\"lazy\" decoding=\"async\" width=\"1024\" height=\"683\" src=\"https:\/\/www.xn--schnes-balsthal-btb.ch\/wp-content\/uploads\/2024\/04\/DJI_0162-1920px-1024x683.jpg\" alt=\"\" class=\"wp-image-304\" srcset=\"https:\/\/www.xn--schnes-balsthal-btb.ch\/wp-content\/uploads\/2024\/04\/DJI_0162-1920px-1024x683.jpg 1024w, https:\/\/www.xn--schnes-balsthal-btb.ch\/wp-content\/uploads\/2024\/04\/DJI_0162-1920px-300x200.jpg 300w, https:\/\/www.xn--schnes-balsthal-btb.ch\/wp-content\/uploads\/2024\/04\/DJI_0162-1920px-768x512.jpg 768w, https:\/\/www.xn--schnes-balsthal-btb.ch\/wp-content\/uploads\/2024\/04\/DJI_0162-1920px-1536x1024.jpg 1536w, https:\/\/www.xn--schnes-balsthal-btb.ch\/wp-content\/uploads\/2024\/04\/DJI_0162-1920px.jpg 1920w\" sizes=\"auto, (max-width: 1024px) 100vw, 1024px\" \/><figcaption class=\"wp-element-caption\">D\u00fcnnern und Goletenbach (links) \u2013 beides Kan\u00e4le. Fast alle Gew\u00e4sser in Balsthal sind erb\u00e4rmliche Striche in der Landschaft.<\/figcaption><\/figure>\n\n\n\n<ul class=\"wp-block-list\">\n<li>Nun will man zu nah an die Gew\u00e4sser bauen. Eine sp\u00e4tere, angemessene Renaturierung unserer begradigten B\u00e4che wird verunm\u00f6glicht. <strong>Das geht nicht in einem Naturpark!<\/strong><\/li>\n<\/ul>\n\n\n\n<ul class=\"wp-block-list\">\n<li>Die <strong>Hochwassergefahr steigt<\/strong>, einerseits mit der \u00fcbertriebenen <strong>Versiegelung<\/strong> des Bodens (bis 100%!) und andererseits mit dem allgemeinen Gr\u00fcnfl\u00e4chenverlust durch die verdichtete Bauweise. Zu hohe Versiegelung verhindert den dringend n\u00f6tigen Grundwassereintrag. Zudem bedeuten mehr Geb\u00e4ude mehr Versiegelung, mehr Strassen bedeuten mehr Versiegelung, mehr Parkpl\u00e4tze bedeuten mehr Versiegelung.<br> &nbsp;<\/li>\n\n\n\n<li>Unserer Einsch\u00e4tzung zu Folge sind Naturgefahrenkarten regelm\u00e4ssig zu \u00fcberpr\u00fcfen und neu zu erstellen. Insbesondere in Bezug auf den akuten Klimawandel. Das Gefahrenpotenzial muss dringend neu gepr\u00fcft werden. Starkregen, \u00dcberschwemmungen, Steinschlag, Hangrutsch, Hitzewellen. Eine h\u00e4ufig aktualisierte Naturgefahrenkarte muss in einem modernen Zonenreglement konsequent einbezogen werden.<\/li>\n<\/ul>\n\n\n\n<p><\/p>\n\n\n\n<figure class=\"wp-block-image size-large\"><img loading=\"lazy\" decoding=\"async\" width=\"683\" height=\"1024\" src=\"https:\/\/www.xn--schnes-balsthal-btb.ch\/wp-content\/uploads\/2024\/04\/DJI_0169-1920px-683x1024.jpg\" alt=\"\" class=\"wp-image-323\" srcset=\"https:\/\/www.xn--schnes-balsthal-btb.ch\/wp-content\/uploads\/2024\/04\/DJI_0169-1920px-683x1024.jpg 683w, https:\/\/www.xn--schnes-balsthal-btb.ch\/wp-content\/uploads\/2024\/04\/DJI_0169-1920px-200x300.jpg 200w, https:\/\/www.xn--schnes-balsthal-btb.ch\/wp-content\/uploads\/2024\/04\/DJI_0169-1920px-768x1152.jpg 768w, https:\/\/www.xn--schnes-balsthal-btb.ch\/wp-content\/uploads\/2024\/04\/DJI_0169-1920px-1024x1536.jpg 1024w, https:\/\/www.xn--schnes-balsthal-btb.ch\/wp-content\/uploads\/2024\/04\/DJI_0169-1920px.jpg 1280w\" sizes=\"auto, (max-width: 683px) 100vw, 683px\" \/><figcaption class=\"wp-element-caption\">Augstbach, Kanal, naturfern<\/figcaption><\/figure>\n\n\n\n<p>&nbsp;<br>&nbsp;<\/p>\n\n\n\n<h4 class=\"wp-block-heading\">3. Kosten f\u00fcr alle<\/h4>\n\n\n\n<ul class=\"wp-block-list\">\n<li>Die ben\u00f6tigte <strong>Infrastruktur<\/strong> f\u00fcr vorgesehene 8000 Einwohner wird enorm viel kosten. Es m\u00fcssen diverse \u00f6ffentliche Geb\u00e4ude, Anlagen und Strassen neu gebaut werden. Unsere Steuern m\u00fcssten wahrscheinlich schmerzlich angehoben werden.&nbsp;<\/li>\n<\/ul>\n\n\n\n<ul class=\"wp-block-list\">\n<li>Uns wird <strong>kein Mitspracherecht bei \u00f6ffentlichen Bauten<\/strong> und Anlagen einger\u00e4umt. (Einsprachem\u00f6glichkeit nur f\u00fcr Nachbarn.) Wir verlangen, dass <strong>alle<\/strong> Einwohner ein Mitspracherecht haben bei Projekten f\u00fcr die Allgemeinheit. Wir bezahlen ja alle. Darum braucht es eine Gestaltungsplanpflicht in der Zone \u00f6BA! (In diversen anderen Zonen gibt es eine Gestaltungsplanpflicht.)<\/li>\n<\/ul>\n\n\n\n<p>&nbsp;&nbsp;<\/p>\n\n\n\n<h4 class=\"wp-block-heading\">Fazit<\/h4>\n\n\n\n<p>Diese Revision der Ortsplanung ist <strong>ungen\u00fcgend<\/strong>, <strong>teuer<\/strong>, <strong>un\u00e4sthetisch, umweltfeindlich <\/strong>und<strong> undemokratisch<\/strong>. Wir Einwohner und Einwohnerinnen der Interessengemeinschaft Sch\u00f6nes Balsthal finden, dass unser Dorf eine bessere Planung verdient. Wir verlangen eine Planung, wie sie im r\u00e4umlichen Leitbild vorgezeichnet ist. <strong>Eine Planung, die das Label \u201eNaturparkgemeinde\u201c verdient<\/strong>. Diese Revision der Ortsplanung entspricht nicht unserem Anspr\u00fcchen.<\/p>\n\n\n\n<p>Wir fordern:<\/p>\n\n\n\n<ul class=\"wp-block-list\">\n<li>Nein zum ungez\u00fcgelten Bauen mit Verdichtung \u00fcber den ganzen Ort!&nbsp;<\/li>\n\n\n\n<li>Nein zur Pseudo-Verdichtung! <\/li>\n\n\n\n<li>Nein zu mehr Verkehr und mehr L\u00e4rm!<\/li>\n\n\n\n<li>Nein zur Umleitung der Verkehrsstr\u00f6me in Wohnquartiere!<\/li>\n\n\n\n<li>Nein zu \u00fcbertriebenen Maximalh\u00f6hen! <\/li>\n\n\n\n<li>Nein zu Stockwerkboni!<\/li>\n\n\n\n<li>Nein zur \u00fcbertriebenen Versiegelung des Bodens!<\/li>\n<\/ul>\n\n\n\n<ul class=\"wp-block-list\">\n<li>Ja zum Erhalt des d\u00f6rflichen Charakters!<\/li>\n\n\n\n<li>Ja zum Schutz von Quartieren und Wohnqualit\u00e4t!&nbsp;<\/li>\n\n\n\n<li>Ja zu einem moderaten Wachstum und zu einer nachhaltigen Bauweise!&nbsp;<\/li>\n\n\n\n<li>Ja zu Erhalt und F\u00f6rderung der Siedlungsqualit\u00e4t!<\/li>\n\n\n\n<li>Ja zum Schutz der letzten Natur im Siedlungsraum! (siehe Naturinventar unter Dokumente)<\/li>\n\n\n\n<li>Ja zu einer Verdichtung in geeigneten Zonen!&nbsp;<\/li>\n\n\n\n<li>Ja zu einem echten Ortsbildschutz!&nbsp;<\/li>\n\n\n\n<li>Ja zu echten Freihaltezonen! (Kirchmatt, Fussballplatz M\u00fchlefeld)&nbsp;<\/li>\n\n\n\n<li>Ja zur Renaturierung unserer B\u00e4che (jetzt oder sp\u00e4ter) <\/li>\n\n\n\n<li>Ja zur regelm\u00e4ssigen \u00dcberpr\u00fcfung der Naturgefahren<\/li>\n<\/ul>\n\n\n\n<p><\/p>\n\n\n\n<p>Mit Ihrer Mithilfe oder einer <a href=\"https:\/\/www.xn--schnes-balsthal-btb.ch\/?page_id=21\" data-type=\"page\" data-id=\"21\"><strong>Spende<\/strong><\/a> k\u00f6nnen Sie uns helfen, diese Planung zu verhindern.<br><br><\/p>\n\n\n\n<p class=\"has-text-align-right\"><sup>Weitere Unterseiten:<\/sup><br><a href=\"https:\/\/www.xn--schnes-balsthal-btb.ch\/?page_id=19\" data-type=\"page\" data-id=\"19\">Stand des Verfahrens<\/a><br><a href=\"https:\/\/www.xn--schnes-balsthal-btb.ch\/?page_id=21\" data-type=\"page\" data-id=\"21\">Mithilfe und Spenden<\/a><br><a href=\"https:\/\/www.xn--schnes-balsthal-btb.ch\/?page_id=6\" data-type=\"page\" data-id=\"6\">\u00dcber uns<\/a><br><a href=\"https:\/\/www.xn--schnes-balsthal-btb.ch\/?page_id=23\" data-type=\"page\" data-id=\"23\">Kontakt<\/a><br><a href=\"https:\/\/www.xn--schnes-balsthal-btb.ch\/?page_id=49\" data-type=\"page\" data-id=\"49\">Dokumente<\/a><\/p>\n\n\n\n<p><\/p>\n\n\n","protected":false},"excerpt":{"rendered":"<p>Die vorliegende Revision der Ortsplanung zerst\u00f6rt unser sch\u00f6nes Dorf.&nbsp;&nbsp; In den letzten Jahren hat sich vieles stark ver\u00e4ndert.&nbsp;Neubauten passen nicht ins Ortsbild. Vieles wirkt zuf\u00e4llig.&nbsp; [J\u00fcngere Bilder folgen] Diese Entwicklungen sind nur ein Vorgeschmack auf das, was mit der laufenden Revision der Ortsplanung noch kommen soll. Mit ihr wird die ziellose Verst\u00e4dterung weiter zunehmen und [&hellip;]<\/p>\n","protected":false},"author":1,"featured_media":0,"parent":0,"menu_order":0,"comment_status":"closed","ping_status":"closed","template":"","meta":{"footnotes":""},"class_list":["post-17","page","type-page","status-publish","hentry"],"_links":{"self":[{"href":"https:\/\/www.xn--schnes-balsthal-btb.ch\/index.php?rest_route=\/wp\/v2\/pages\/17","targetHints":{"allow":["GET"]}}],"collection":[{"href":"https:\/\/www.xn--schnes-balsthal-btb.ch\/index.php?rest_route=\/wp\/v2\/pages"}],"about":[{"href":"https:\/\/www.xn--schnes-balsthal-btb.ch\/index.php?rest_route=\/wp\/v2\/types\/page"}],"author":[{"embeddable":true,"href":"https:\/\/www.xn--schnes-balsthal-btb.ch\/index.php?rest_route=\/wp\/v2\/users\/1"}],"replies":[{"embeddable":true,"href":"https:\/\/www.xn--schnes-balsthal-btb.ch\/index.php?rest_route=%2Fwp%2Fv2%2Fcomments&post=17"}],"version-history":[{"count":145,"href":"https:\/\/www.xn--schnes-balsthal-btb.ch\/index.php?rest_route=\/wp\/v2\/pages\/17\/revisions"}],"predecessor-version":[{"id":477,"href":"https:\/\/www.xn--schnes-balsthal-btb.ch\/index.php?rest_route=\/wp\/v2\/pages\/17\/revisions\/477"}],"wp:attachment":[{"href":"https:\/\/www.xn--schnes-balsthal-btb.ch\/index.php?rest_route=%2Fwp%2Fv2%2Fmedia&parent=17"}],"curies":[{"name":"wp","href":"https:\/\/api.w.org\/{rel}","templated":true}]}}